 3*l**5/40 + 5*l**4/6 + 15*l**2. Let p(y) be the second derivative of z(y). What is the tens digit of p(4)?
7
What is the thousands digit of 14/2 - (24/(-56) + 133414/(-14))?
9
Suppose 5*v - 649886 = -34*v - 7868. What is the thousands digit of v?
6
Let m = 369 - 363. Suppose -2*z - 1236 = -2*c, -m*c + 3663 = -0*c + 3*z. What is the units digit of c?
3
Let h(q) = 3*q**3 - 15*q**2 - 16*q + 29. Let a(z) = -7*z**3 + 28*z**2 + 34*z - 57. Let x(p) = 2*a(p) + 5*h(p). What is the tens digit of x(22)?
1
Suppose 287181 = 3*r - 11*r + 17*r. What is the units digit of r?
9
Let s = 59 - -41524. What is the units digit of s?
3
What is the units digit of (0 - -188)/(1084/1355)?
5
Let u be 8 + (-214 - 0) - -8. Let z = u - -550. What is the units digit of z?
2
What is the units digit of 40151*1/5 - 6/30?
0
Let z(c) = c**2 + 37*c + 12. Let s be z(-37). Suppose -s = 4*j, -j - 4713 = -4*h - 6*j. What is the hundreds digit of h?
1
Let q = 14520 + -9699. Suppose q = 20*i - 3179. What is the units digit of i?
0
Let d be 4*(-10444)/8 + (-2 - -2). Let g = -3532 - d. What is the thousands digit of g?
1
Let d = 8128 + -5118. What is the thousands digit of d?
3
Suppose 0 = -7*d + 6*d + 2. Let c(l) = -l**3 + 4*l + 33 - 25 + 10*l**d + 0*l**3. What is the units digit of c(10)?
8
Suppose 26*o - 5*o - 147 = 0. Suppose -o*l - 1333 + 6184 = 0. What is the units digit of l?
3
Let r = -47 + 53. What is the units digit of 17 - ((-12)/r)/(6/3)?
8
Suppose -16*m + 897 - 10529 = 0. Let x = m - -1526. What is the tens digit of x?
2
Suppose -3257 = -2*s + 8649. What is the units digit of s?
3
Let k(i) = 319*i - 65 - 139*i - 162*i. Let f = 6 - -3. What is the tens digit of k(f)?
9
Let p(g) = -g**2 + 13*g + 35. Let f be p(15). What is the tens digit of (27/f)/(((-1)/(-5))/1)?
2
Let a(t) = -12485*t**3 - 21*t**2 + 2*t + 1. What is the ten thousands digit of a(-1)?
1
Let x = -72 + 80. Suppose 3*k = 3*r - 21, 5*k + x = -r + 3. What is the tens digit of 427/r + (-6)/(-10)?
8
What is the thousands digit of (-54 - 2)/(-14) + 7273?
7
Let n(z) = z**3 - 14*z**2 + 14*z + 12. Let v be n(9). Let m = 292 + v. What is the units digit of m?
5
Suppose 0 = -2*m + 16 - 10, 266991 = 5*l + 2*m. What is the units digit of l?
7
Let r be ((116/(-16))/1)/((-22)/(-176)). Let b = -124 - -257. Let t = r + b. What is the tens digit of t?
7
Suppose -5*c = -8*r + 12*r - 11597, -r + 11603 = 5*c. What is the tens digit of c?
2
Suppose 5*h = 4*l + 1016 + 4990, -3*h - 4*l + 3578 = 0. Suppose 3*v + 3*d - 1203 = 0, -4*v + 4*d + 430 = -h. What is the tens digit of v?
0
Let u(v) = -14*v - 2 + 25*v - 16*v. Let n be u(-1). Suppose n*j = 5*z - 4*z + 166, -5*j = z - 274. What is the tens digit of j?
5
Let y be 16734*6/99 - (-14)/(-77). Let l = -323 + y. What is the units digit of l?
1
Suppose -5*o - 2165 = -5*b, b + 1533 = -4*o - 184. Let v = o - -885. What is the hundreds digit of v?
4
Suppose 37 = u + 3*t, -6*u + 3*u = -t - 141. What is the units digit of (555 + -1)*u/92?
7
What is the hundreds digit of (15806/(-2 - 0))/(1 + (-3)/2)?
8
Suppose 5*a = -2*f + 20, -f - f = -10. Suppose -a*u + 595 = -5*c - 781, 1380 = 2*u - 4*c. What is the units digit of u?
8
Let g(q) be the third derivative of -q**6/120 - q**5/20 - q**4/3 + q**3/3 - 150*q**2. What is the tens digit of g(-3)?
2
Let l(w) = -4*w**2 - 30*w + 9*w**2 + 6*w - 2*w**2 - 12. What is the units digit of l(11)?
7
Suppose 33858*q = 33842*q + 606656. What is the tens digit of q?
1
Suppose 2*w = -113*c + 108*c + 47099, c - 94207 = -4*w. What is the units digit of w?
2
What is the tens digit of (((-4744)/3 - 2) + (-75)/(-225))*-9?
4
Let d(f) = -327*f - 9. Let l be d(-4). Suppose 5*m = -26 - l. What is the hundreds digit of (12/(-30))/(-1 + (-264)/m)?
1
Let a(y) = 164*y - 57*y - 74 - 44*y - 52*y. What is the tens digit of a(14)?
8
Let u(x) be the second derivative of -x**5/10 - x**4/3 - 3*x**3 - 21*x**2 + 214*x. What is the hundreds digit of u(-5)?
1
Let k be (9 + -5)*(3/(-6) + 1). Suppose g = k*s + 488, -2*g + 338 = 5*s - 602. What is the units digit of g?
0
Let j be -19 + 3 - -1*2. Let p = 5 - j. Suppose -p*t = -17*t - 64. What is the units digit of t?
2
Let f = -1641 - -2767. Let a = f + -647. What is the hundreds digit of a?
4
Let m = 2552 + -1651. Let v = 286 + m. What is the hundreds digit of v?
1
Let i = 423 + -197. Suppose 677 + 57 = 3*w - 5*a, -i = -w - 3*a. What is the hundreds digit of w?
2
Suppose 25*p = 18*p - 168. Let k = p + 33. What is the tens digit of (-1)/1 + (53 - k)?
4
Suppose -5*d = -3*w + 2*w - 63, 35 = 3*d - 2*w. Suppose 307 = 14*l - d*l. What is the hundreds digit of l?
3
Let d(j) = 151*j**2 - j - 66. What is the hundreds digit of d(-6)?
3
Let k(p) = -p**2 - 6*p - 5. Let y be k(-4). Suppose 0 = y*h - x - 1706, 2*h - 4*x = -2*x + 1132. What is the units digit of h?
0
Let k = 1757 + -1598. Suppose 0 = y - 4*y + 177. Suppose -5*j + k = y. What is the tens digit of j?
2
Suppose 60*v = 58*v. Suppose f + 4*r - 2 - 4 = v, 4*f = 4*r + 4. Let x = f + 222. What is the tens digit of x?
2
Let v = 1 - -1. Let z = 1826 + -1676. Suppose v*y + b - 147 = 0, 3*y + 4*b - z = y. What is the units digit of y?
3
Let f(a) = -280*a + 948. What is the units digit of f(-109)?
8
Let s = 17 + -27. Let m = s - -12. Suppose -4*l - m*l = -216. What is the units digit of l?
6
Suppose -13*v - 34932 = -151893. What is the hundreds digit of v?
9
Let k(o) = 4*o - 31. Let f be k(7). Let s be ((-152)/(-16))/(((-6)/(-4))/f). Let q = s - -196. What is the hundreds digit of q?
1
Suppose -4*c + 184 = -0. Let t = 53 - c. What is the units digit of t?
7
Let h = 244 + 884. Suppose 3*x = 5*x - h. What is the units digit of x?
4
Let q = 20 - -151. What is the tens digit of -7 + q - (-2 - (1 + -1))?
6
What is the units digit of 2/12 - ((-2880705)/90 + 35)?
3
Let b(u) = 4*u**2 + 39*u + 55. Let w be b(-18). Let s = w - 7. What is the units digit of s?
2
Let f = -28 - -6. Let k = -17 - f. Suppose -4*t - 330 = -k*h, -2*h - 48 = -4*t - 192. What is the tens digit of h?
6
Suppose 0 = -q - 2*n - 78, 4*n = 4*q + 6*n + 306. Let w = q - -172. Suppose -2*r + w = -5*k, 5*r - 4*k - 267 = -5*k. What is the units digit of r?
3
Let x(d) be the second derivative of 11*d**3/6 + 2*d. Let b be 16 + 30/(-10 - 0). What is the tens digit of x(b)?
4
Let z(p) = 66 - 34 - 3*p**3 - 44 - 10*p**2 - 16*p. What is the hundreds digit of z(-5)?
1
Let v(f) = 16*f**2 - 16*f - 43. Let u = -414 + 407. What is the units digit of v(u)?
3
Let r = 61 + -128. Let f = -127 + r. Let i = f + 326. What is the hundreds digit of i?
1
Suppose -29*h + 2781 = -80227 - 84699. What is the thousands digit of h?
5
Let c be 17/3 + 2/(-3). Suppose -2*h + c = -v, -v = -0*v + 5*h - 23. Suppose -20 = -v*p + 13. What is the tens digit of p?
1
Suppose 0 = 5*l + 29 - 44. Suppose l*k + k = -0*k. What is the tens digit of (1 - (0 + k))*67?
6
Suppose 0 = -43*d + 41*d - 1722. Let z be (-1)/(-4) - d/28. Suppose 29*u = z*u - 328. What is the units digit of u?
4
Suppose 2*q - 10 + 1 = -3*o, 3*o - 21 = 2*q. Let b be ((-12)/16)/((27/2256)/(-3)). Suppose o*u - 497 = b. What is the tens digit of u?
3
Let l(j) = 16*j + 133. Let g be l(-8). Suppose -2430 = -5*b - 5*d, -g*b = d - 2703 + 273. What is the hundreds digit of b?
4
Suppose -3*x + 4*c = -22, 3*c = -4*x + 7*c + 24. Suppose 2*v - i + 2*i - 1488 = 0, -5*v + x*i + 3729 = 0. What is the units digit of v?
5
Let w(y) = -4*y**3 + y**2 + 2*y + 6. Let i(s) = 3*s**3 - s**2 - 3*s - 5. Let d(o) = -5*i(o) - 4*w(o). Suppose 129*h = 280 + 365. What is the tens digit of d(h)?
8
Let l be 158 + -158 + 10*(-386)/(-4). Let h = -47 + l. What is the tens digit of h?
1
Let d = -193 + 197. Suppose d*b + z = 752, 673 + 67 = 4*b + 4*z. What is the hundreds digit of b?
1
Let g = 457 + -440. Suppose -24*d + 1813 = -g*d. What is the units digit of d?
9
Suppose 23*d + 0*d = -4347. Let c = 917 + d. What is the units digit of c?
8
Suppose 0 = -18*w + 15*w + 666. Let c = 448 - w. Let h = 494 - c. What is the hundreds digit of h?
2
Let a = 152 + -157. What is the tens digit of ((-200)/(-3))/(-5)*(a + -34)?
2
Let b = 16072 - 3802. What is the units digit of 2/(-3)*b/(-20)?
9
Let y be -3*(-2)/(-24) - (-162)/8. Suppose -13107 = 3*x - y*x. What is the tens digit of x?
7
Suppose 8*v - 4*v + 64 = 0. Let t(k) = 3*k**2 + 27*k + 66. What is the tens digit of